{"id":542,"date":"2019-04-06T18:27:55","date_gmt":"2019-04-06T18:27:55","guid":{"rendered":"https:\/\/www.atecyr.org\/blog\/?page_id=542"},"modified":"2021-11-25T09:01:30","modified_gmt":"2021-11-25T08:01:30","slug":"simulacion-y-bim","status":"publish","type":"page","link":"https:\/\/www.atecyr.org\/blog\/simulacion-y-bim\/","title":{"rendered":"Simulaci\u00f3n y BIM"},"content":{"rendered":"<ul class=\"lcp_catlist\" id=\"lcp_instance_0\"><li><a href=\"https:\/\/www.atecyr.org\/blog\/2021\/11\/11\/metodologia-bim-en-el-reconocimiento-de-imagenes-mediante-inteligencia-artificial-por-jose-miguel-luna\/\">Metodolog\u00eda BIM en el reconocimiento de im\u00e1genes mediante inteligencia artificial por Jos\u00e9 Miguel Luna<\/a><a href=\"https:\/\/www.atecyr.org\/blog\/2021\/11\/11\/metodologia-bim-en-el-reconocimiento-de-imagenes-mediante-inteligencia-artificial-por-jose-miguel-luna\/\" title=\"Metodolog\u00eda BIM en el reconocimiento de im\u00e1genes mediante inteligencia artificial por Jos\u00e9 Miguel Luna\"><img loading=\"lazy\" decoding=\"async\" width=\"150\" height=\"150\" src=\"https:\/\/www.atecyr.org\/blog\/wp-content\/uploads\/2021\/11\/Luna-150x150.png\" class=\"lcp_thumbnail no-lazy wp-post-image\" alt=\"Metodolog\u00eda BIM en el reconocimiento de im\u00e1genes mediante inteligencia artificial por Jos\u00e9 Miguel Luna\" srcset=\"https:\/\/www.atecyr.org\/blog\/wp-content\/uploads\/2021\/11\/Luna-150x150.png 150w, https:\/\/www.atecyr.org\/blog\/wp-content\/uploads\/2021\/11\/Luna-80x80.png 80w, https:\/\/www.atecyr.org\/blog\/wp-content\/uploads\/2021\/11\/Luna-320x320.png 320w\" sizes=\"(max-width: 150px) 100vw, 150px\" \/><\/a><div class=\"lcp_excerpt\">\n\n\n\nJos\u00e9 Miguel Luna\n\n\nResponsable de Desarrollo del Grupo Enerdex\n\n\n\n\n\n\nCaso de creaci\u00f3n de un dataset de im\u00e1genes para el entrenamiento de redes neuronales convolucionales mediante metodolog\u00eda BIM.\n\n\n\u00bfQu\u00e9 es la inteligencia artificial?Una definici\u00f3n cl\u00e1sica dice que la Inteligencia Artificial (IA) es una subdisciplina del campo de la inform\u00e1tica que busca la creaci\u00f3n de m\u00e1quinas que puedan imitar comportamientos ...<\/div><\/li><li><a href=\"https:\/\/www.atecyr.org\/blog\/2020\/09\/16\/bim-y-fabricantes-de-equipos-hvac-por-alberto-bravo-sanchez\/\">BIM y fabricantes de equipos HVAC por Alberto Bravo S\u00e1nchez<\/a><a href=\"https:\/\/www.atecyr.org\/blog\/2020\/09\/16\/bim-y-fabricantes-de-equipos-hvac-por-alberto-bravo-sanchez\/\" title=\"BIM y fabricantes de equipos HVAC por Alberto Bravo S\u00e1nchez\"><img loading=\"lazy\" decoding=\"async\" width=\"150\" height=\"150\" src=\"https:\/\/www.atecyr.org\/blog\/wp-content\/uploads\/2020\/09\/Alberto-LG-150x150.png\" class=\"lcp_thumbnail no-lazy wp-post-image\" alt=\"BIM y fabricantes de equipos HVAC por Alberto Bravo S\u00e1nchez\" srcset=\"https:\/\/www.atecyr.org\/blog\/wp-content\/uploads\/2020\/09\/Alberto-LG-150x150.png 150w, https:\/\/www.atecyr.org\/blog\/wp-content\/uploads\/2020\/09\/Alberto-LG-160x160.png 160w, https:\/\/www.atecyr.org\/blog\/wp-content\/uploads\/2020\/09\/Alberto-LG-320x320.png 320w\" sizes=\"(max-width: 150px) 100vw, 150px\" \/><\/a><div class=\"lcp_excerpt\">\n\n\n\nAlberto Bravo S\u00e1nchez\n\n\nProduct Specialist, Technical Writer de LG Electronics (Socio Protector de Atecyr)\n\n\n\n\n\n\n1.1&nbsp;&nbsp;&nbsp;&nbsp;&nbsp;&nbsp; BIM: el presente de la edificaci\u00f3n.\n\n\nDesde hace ya algunos a\u00f1os, se habla de una nueva manera de trabajar en la edificaci\u00f3n, un enfoque que no solo ahorra &nbsp;grandes sumas de dinero en el desarrollo de grandes proyectos sino que minimiza los errores ...<\/div><\/li><li><a href=\"https:\/\/www.atecyr.org\/blog\/2019\/06\/01\/cypetherm-he-plus-la-simulacion-energetica-en-el-flujo-de-trabajo-open-bim\/\">CYPETHERM HE Plus. La simulaci\u00f3n energ\u00e9tica en el flujo de trabajo Open BIM por Gaspar Pay\u00e0 Ballester<\/a><a href=\"https:\/\/www.atecyr.org\/blog\/2019\/06\/01\/cypetherm-he-plus-la-simulacion-energetica-en-el-flujo-de-trabajo-open-bim\/\" title=\"CYPETHERM HE Plus. La simulaci\u00f3n energ\u00e9tica en el flujo de trabajo Open BIM por Gaspar Pay\u00e0 Ballester\"><img loading=\"lazy\" decoding=\"async\" width=\"150\" height=\"150\" src=\"https:\/\/www.atecyr.org\/blog\/wp-content\/uploads\/2019\/06\/Gaspar-1-150x150.png\" class=\"lcp_thumbnail no-lazy wp-post-image\" alt=\"CYPETHERM HE Plus. La simulaci\u00f3n energ\u00e9tica en el flujo de trabajo Open BIM por Gaspar Pay\u00e0 Ballester\" srcset=\"https:\/\/www.atecyr.org\/blog\/wp-content\/uploads\/2019\/06\/Gaspar-1-150x150.png 150w, https:\/\/www.atecyr.org\/blog\/wp-content\/uploads\/2019\/06\/Gaspar-1-160x160.png 160w, https:\/\/www.atecyr.org\/blog\/wp-content\/uploads\/2019\/06\/Gaspar-1-320x320.png 320w\" sizes=\"(max-width: 150px) 100vw, 150px\" \/><\/a><div class=\"lcp_excerpt\">\n\n\n\nGaspar Pay\u00e0 Ballester\n\n\nDepartamento de desarrollo de CYPE Ingenieros (Socio protector de Atecyr)\n\n\n\n\n\n\nCYPE en la industria del software t\u00e9cnico\n\n\nCYPE Ingenieros lleva m\u00e1s de 35 a\u00f1os desarrollando y\ncomercializando software t\u00e9cnico para\nlos profesionales de la Arquitectura, Ingenier\u00eda y Construcci\u00f3n. Durante todos estos\na\u00f1os han sido muchas las soluciones que hemos ido ofreciendo a nuestros\nusuarios y, concretamente en materia de ...<\/div><\/li><\/ul>\n","protected":false},"excerpt":{"rendered":"","protected":false},"author":1,"featured_media":0,"parent":0,"menu_order":0,"comment_status":"closed","ping_status":"closed","template":"","meta":{"footnotes":"","_vp_format_video_url":"","_vp_image_focal_point":[]},"post_mailing_queue_ids":[],"_links":{"self":[{"href":"https:\/\/www.atecyr.org\/blog\/wp-json\/wp\/v2\/pages\/542"}],"collection":[{"href":"https:\/\/www.atecyr.org\/blog\/wp-json\/wp\/v2\/pages"}],"about":[{"href":"https:\/\/www.atecyr.org\/blog\/wp-json\/wp\/v2\/types\/page"}],"author":[{"embeddable":true,"href":"https:\/\/www.atecyr.org\/blog\/wp-json\/wp\/v2\/users\/1"}],"replies":[{"embeddable":true,"href":"https:\/\/www.atecyr.org\/blog\/wp-json\/wp\/v2\/comments?post=542"}],"version-history":[{"count":4,"href":"https:\/\/www.atecyr.org\/blog\/wp-json\/wp\/v2\/pages\/542\/revisions"}],"predecessor-version":[{"id":2353,"href":"https:\/\/www.atecyr.org\/blog\/wp-json\/wp\/v2\/pages\/542\/revisions\/2353"}],"wp:attachment":[{"href":"https:\/\/www.atecyr.org\/blog\/wp-json\/wp\/v2\/media?parent=542"}],"curies":[{"name":"wp","href":"https:\/\/api.w.org\/{rel}","templated":true}]}}