{"id":540,"date":"2019-04-06T18:27:36","date_gmt":"2019-04-06T18:27:36","guid":{"rendered":"https:\/\/www.atecyr.org\/blog\/?page_id=540"},"modified":"2021-11-25T20:12:55","modified_gmt":"2021-11-25T19:12:55","slug":"refrigeracion","status":"publish","type":"page","link":"https:\/\/www.atecyr.org\/blog\/refrigeracion\/","title":{"rendered":"Refrigeraci\u00f3n"},"content":{"rendered":"<ul class=\"lcp_catlist\" id=\"lcp_instance_0\"><li><a href=\"https:\/\/www.atecyr.org\/blog\/2025\/03\/19\/glicol-que-hacer-y-que-no-hacer-para-los-chillers-o-enfriadoras-industriales-por-daniel-lopez\/\">Glicol: Qu\u00e9 hacer y qu\u00e9 no hacer para los chillers o enfriadoras industriales por Daniel L\u00f3pez<\/a><div class=\"lcp_excerpt\">\n\n\n\n\n\nDaniel L\u00f3pez\n\n\nSales &amp; Marketing Territory Manager &#8211; Hydratech Ib\u00e9rica\n\n\n\n\n\n\nLas propiedades del anticongelante a base de glicol (tambi\u00e9n llamado fluido de transferencia de calor o refrigerante de proceso) tienen un impacto directo y duradero en el rendimiento del sistema, la producci\u00f3n, el consumo de energ\u00eda, el mantenimiento y el tiempo de inactividad. Elegir la formulaci\u00f3n adecuada, ...<\/div><\/li><li><a href=\"https:\/\/www.atecyr.org\/blog\/2020\/10\/28\/conclusiones-del-congreso-sobre-tecnologias-de-refrigeracion-tecnofrio-20-por-arcadio-garcia-lastra\/\">Conclusiones del Congreso sobre Tecnolog\u00edas de Refrigeraci\u00f3n Tecnofr\u00edo&#8217; 20 por Arcadio Garc\u00eda Lastra<\/a><a href=\"https:\/\/www.atecyr.org\/blog\/2020\/10\/28\/conclusiones-del-congreso-sobre-tecnologias-de-refrigeracion-tecnofrio-20-por-arcadio-garcia-lastra\/\" title=\"Conclusiones del Congreso sobre Tecnolog\u00edas de Refrigeraci\u00f3n Tecnofr\u00edo&#039; 20 por Arcadio Garc\u00eda Lastra\"><img loading=\"lazy\" decoding=\"async\" width=\"150\" height=\"150\" src=\"https:\/\/www.atecyr.org\/blog\/wp-content\/uploads\/2019\/11\/Arcadio-blog-150x150.png\" class=\"lcp_thumbnail no-lazy wp-post-image\" alt=\"Conclusiones del Congreso sobre Tecnolog\u00edas de Refrigeraci\u00f3n Tecnofr\u00edo&#039; 20 por Arcadio Garc\u00eda Lastra\" srcset=\"https:\/\/www.atecyr.org\/blog\/wp-content\/uploads\/2019\/11\/Arcadio-blog-150x150.png 150w, https:\/\/www.atecyr.org\/blog\/wp-content\/uploads\/2019\/11\/Arcadio-blog-160x160.png 160w, https:\/\/www.atecyr.org\/blog\/wp-content\/uploads\/2019\/11\/Arcadio-blog-320x320.png 320w\" sizes=\"(max-width: 150px) 100vw, 150px\" \/><\/a><div class=\"lcp_excerpt\">\n\n\n\nArcadio Garc\u00eda Lastra\n\n\nSecretario T\u00e9cnico de Atecyr\n\n\n\n\nNuevamente esta quinta edici\u00f3n del Congreso ha puesto en relieve la importancia de este sector econ\u00f3mico. No vienen tiempos malos, pese a la pandemia en la que nos encontramos, seg\u00fan qued\u00f3 reflejado en la ponencia de apertura. Adem\u00e1s, est\u00e1n planteadas una serie de medidas de reactivaci\u00f3n econ\u00f3mica para este sector ...<\/div><\/li><li><a href=\"https:\/\/www.atecyr.org\/blog\/2020\/10\/05\/politicas-sobre-refrigeracion-y-sostenibilidad-por-gabriel-barcelo-rico-avello\/\">Pol\u00edticas sobre refrigeraci\u00f3n y sostenibilidad por Gabriel Barcel\u00f3 Rico-Avello<\/a><a href=\"https:\/\/www.atecyr.org\/blog\/2020\/10\/05\/politicas-sobre-refrigeracion-y-sostenibilidad-por-gabriel-barcelo-rico-avello\/\" title=\"Pol\u00edticas sobre refrigeraci\u00f3n y sostenibilidad por Gabriel Barcel\u00f3 Rico-Avello\"><img loading=\"lazy\" decoding=\"async\" width=\"150\" height=\"150\" src=\"https:\/\/www.atecyr.org\/blog\/wp-content\/uploads\/2021\/07\/Barcelo-150x150.png\" class=\"lcp_thumbnail no-lazy wp-post-image\" alt=\"Pol\u00edticas sobre refrigeraci\u00f3n y sostenibilidad por Gabriel Barcel\u00f3 Rico-Avello\" srcset=\"https:\/\/www.atecyr.org\/blog\/wp-content\/uploads\/2021\/07\/Barcelo-150x150.png 150w, https:\/\/www.atecyr.org\/blog\/wp-content\/uploads\/2021\/07\/Barcelo-160x160.png 160w, https:\/\/www.atecyr.org\/blog\/wp-content\/uploads\/2021\/07\/Barcelo-320x320.png 320w\" sizes=\"(max-width: 150px) 100vw, 150px\" \/><\/a><div class=\"lcp_excerpt\">\n\n\n\nGabriel Barcel\u00f3 Rico-Avello\n\n\nSocio fundador y socio de honor de Atecyr\n\n\n\n\n\n\nEl sector de la producci\u00f3n del frio y de la climatizaci\u00f3n empieza a ser analizado con inter\u00e9s en las instituciones supranacionales. En los \u00faltimos a\u00f1os, diversas entidades iniciaron an\u00e1lisis y estudios en el \u00e1mbito de la sostenibilidad y del consumo eficiente de la energ\u00eda, con el ...<\/div><\/li><li><a href=\"https:\/\/www.atecyr.org\/blog\/2020\/10\/05\/politicas-de-refrigeracion-y-sostenibilidad-vii-antecedentes-por-gabriel-barcelo-rico-avello\/\">Pol\u00edticas de refrigeraci\u00f3n y sostenibilidad VII: Antecedentes por Gabriel Barcel\u00f3 Rico-Avello<\/a><a href=\"https:\/\/www.atecyr.org\/blog\/2020\/10\/05\/politicas-de-refrigeracion-y-sostenibilidad-vii-antecedentes-por-gabriel-barcelo-rico-avello\/\" title=\"Pol\u00edticas de refrigeraci\u00f3n y sostenibilidad VII: Antecedentes por Gabriel Barcel\u00f3 Rico-Avello\"><img loading=\"lazy\" decoding=\"async\" width=\"150\" height=\"150\" src=\"https:\/\/www.atecyr.org\/blog\/wp-content\/uploads\/2021\/07\/Barcelo-150x150.png\" class=\"lcp_thumbnail no-lazy wp-post-image\" alt=\"Pol\u00edticas de refrigeraci\u00f3n y sostenibilidad VII: Antecedentes por Gabriel Barcel\u00f3 Rico-Avello\" srcset=\"https:\/\/www.atecyr.org\/blog\/wp-content\/uploads\/2021\/07\/Barcelo-150x150.png 150w, https:\/\/www.atecyr.org\/blog\/wp-content\/uploads\/2021\/07\/Barcelo-160x160.png 160w, https:\/\/www.atecyr.org\/blog\/wp-content\/uploads\/2021\/07\/Barcelo-320x320.png 320w\" sizes=\"(max-width: 150px) 100vw, 150px\" \/><\/a><div class=\"lcp_excerpt\">\n\n\n\nGabriel Barcel\u00f3 Rico-Avello\n\n\nSocio fundador y socio de honor de Atecyr\n\n\n\n\n\n\nComo ya hemos expresado, en el mes de julio de 2020 fue publicado por el Programa de las Naciones Unidas para el Medio Ambiente (PNUMA), y la Agencia Internacional de la Energ\u00eda, el Informe sobre emisiones y s\u00edntesis de pol\u00edticas: beneficios de la eficiencia de refrigeraci\u00f3n ...<\/div><\/li><li><a href=\"https:\/\/www.atecyr.org\/blog\/2020\/10\/05\/politicas-de-refrigeracion-y-sostenibilidad-vi-informe-por-gabriel-barcelo-rico-avello\/\">Pol\u00edticas de refrigeraci\u00f3n y sostenibilidad VI: Informe por Gabriel Barcel\u00f3 Rico-Avello<\/a><a href=\"https:\/\/www.atecyr.org\/blog\/2020\/10\/05\/politicas-de-refrigeracion-y-sostenibilidad-vi-informe-por-gabriel-barcelo-rico-avello\/\" title=\"Pol\u00edticas de refrigeraci\u00f3n y sostenibilidad VI: Informe por Gabriel Barcel\u00f3 Rico-Avello\"><img loading=\"lazy\" decoding=\"async\" width=\"150\" height=\"150\" src=\"https:\/\/www.atecyr.org\/blog\/wp-content\/uploads\/2021\/07\/Barcelo-150x150.png\" class=\"lcp_thumbnail no-lazy wp-post-image\" alt=\"Pol\u00edticas de refrigeraci\u00f3n y sostenibilidad VI: Informe por Gabriel Barcel\u00f3 Rico-Avello\" srcset=\"https:\/\/www.atecyr.org\/blog\/wp-content\/uploads\/2021\/07\/Barcelo-150x150.png 150w, https:\/\/www.atecyr.org\/blog\/wp-content\/uploads\/2021\/07\/Barcelo-160x160.png 160w, https:\/\/www.atecyr.org\/blog\/wp-content\/uploads\/2021\/07\/Barcelo-320x320.png 320w\" sizes=\"(max-width: 150px) 100vw, 150px\" \/><\/a><div class=\"lcp_excerpt\">\n\n\n\nGabriel Barcel\u00f3 Rico-Avello\n\n\nSocio fundador y socio de honor de Atecyr\n\n\n\n\n\n\n\nPortada del Informe\n\n\n\nComo ya hemos comentado, el Programa de las Naciones Unidas para el Medio Ambiente; y la Agencia Internacional de Energ\u00eda public\u00f3, en julio de 2020 el informe: Cooling Emissions and Policy Synthesis Report: Benefits of cooling efficiency and the Kigali Amendment, en el que ...<\/div><\/li><li><a href=\"https:\/\/www.atecyr.org\/blog\/2020\/10\/05\/politicas-de-refrigeracion-y-sostenibilidad-v-pnuma-e-aie-por-gabriel-barcelo-rico-avello\/\">Pol\u00edticas de refrigeraci\u00f3n y sostenibilidad V: PNUMA e AIE por Gabriel Barcel\u00f3 Rico-Avello<\/a><a href=\"https:\/\/www.atecyr.org\/blog\/2020\/10\/05\/politicas-de-refrigeracion-y-sostenibilidad-v-pnuma-e-aie-por-gabriel-barcelo-rico-avello\/\" title=\"Pol\u00edticas de refrigeraci\u00f3n y sostenibilidad V: PNUMA e AIE por Gabriel Barcel\u00f3 Rico-Avello\"><img loading=\"lazy\" decoding=\"async\" width=\"150\" height=\"150\" src=\"https:\/\/www.atecyr.org\/blog\/wp-content\/uploads\/2021\/07\/Barcelo-150x150.png\" class=\"lcp_thumbnail no-lazy wp-post-image\" alt=\"Pol\u00edticas de refrigeraci\u00f3n y sostenibilidad V: PNUMA e AIE por Gabriel Barcel\u00f3 Rico-Avello\" srcset=\"https:\/\/www.atecyr.org\/blog\/wp-content\/uploads\/2021\/07\/Barcelo-150x150.png 150w, https:\/\/www.atecyr.org\/blog\/wp-content\/uploads\/2021\/07\/Barcelo-160x160.png 160w, https:\/\/www.atecyr.org\/blog\/wp-content\/uploads\/2021\/07\/Barcelo-320x320.png 320w\" sizes=\"(max-width: 150px) 100vw, 150px\" \/><\/a><div class=\"lcp_excerpt\">\n\n\n\nGabriel Barcel\u00f3 Rico-Avello\n\n\nSocio fundador y socio de honor de Atecyr\n\n\n\n\n\n\nPrograma de las Naciones Unidas para el Medio Ambiente (PNUMA)\n\n\nEl Programa de las Naciones Unidas para el Medio Ambiente (PNUMA) establece, por mandato de la ONU, la agenda ambiental mundial, tambi\u00e9n promueve las iniciativas sobre condiciones ambientales del desarrollo sostenible y act\u00faa como defensor del medio ...<\/div><\/li><li><a href=\"https:\/\/www.atecyr.org\/blog\/2020\/10\/05\/politicas-de-refrigeracion-y-sostenibilidad-iv-ccac-por-gabriel-barcelo-rico-avello\/\">Pol\u00edticas de refrigeraci\u00f3n y sostenibilidad IV: CCAC por Gabriel Barcel\u00f3 Rico-Avello<\/a><a href=\"https:\/\/www.atecyr.org\/blog\/2020\/10\/05\/politicas-de-refrigeracion-y-sostenibilidad-iv-ccac-por-gabriel-barcelo-rico-avello\/\" title=\"Pol\u00edticas de refrigeraci\u00f3n y sostenibilidad IV: CCAC por Gabriel Barcel\u00f3 Rico-Avello\"><img loading=\"lazy\" decoding=\"async\" width=\"150\" height=\"150\" src=\"https:\/\/www.atecyr.org\/blog\/wp-content\/uploads\/2021\/07\/Barcelo-150x150.png\" class=\"lcp_thumbnail no-lazy wp-post-image\" alt=\"Pol\u00edticas de refrigeraci\u00f3n y sostenibilidad IV: CCAC por Gabriel Barcel\u00f3 Rico-Avello\" srcset=\"https:\/\/www.atecyr.org\/blog\/wp-content\/uploads\/2021\/07\/Barcelo-150x150.png 150w, https:\/\/www.atecyr.org\/blog\/wp-content\/uploads\/2021\/07\/Barcelo-160x160.png 160w, https:\/\/www.atecyr.org\/blog\/wp-content\/uploads\/2021\/07\/Barcelo-320x320.png 320w\" sizes=\"(max-width: 150px) 100vw, 150px\" \/><\/a><div class=\"lcp_excerpt\">\n\n\n\nGabriel Barcel\u00f3 Rico-Avello\n\n\nSocio fundador y socio de honor de Atecyr\n\n\n\n\n\n\nAlgunos pa\u00edses, preocupados por la evoluci\u00f3n de los par\u00e1metros clim\u00e1ticos, y convencidos de la trascendencia de la refrigeraci\u00f3n, han desarrollado diversas iniciativas en este \u00e1mbito. Por ejemplo, determinadas instituciones han expresado su preocupaci\u00f3n por la futura evoluci\u00f3n de las tecnolog\u00edas de refrigeraci\u00f3n, desarrollado la Coalici\u00f3n por ...<\/div><\/li><li><a href=\"https:\/\/www.atecyr.org\/blog\/2020\/10\/05\/politicas-de-refrigeracion-y-sostenibilidad-iii-eficiencia-energetica-por-gabriel-barcelo-rico-avello\/\">Pol\u00edticas de refrigeraci\u00f3n y sostenibilidad III: Eficiencia energ\u00e9tica por Gabriel Barcel\u00f3 Rico-Avello<\/a><a href=\"https:\/\/www.atecyr.org\/blog\/2020\/10\/05\/politicas-de-refrigeracion-y-sostenibilidad-iii-eficiencia-energetica-por-gabriel-barcelo-rico-avello\/\" title=\"Pol\u00edticas de refrigeraci\u00f3n y sostenibilidad III: Eficiencia energ\u00e9tica por Gabriel Barcel\u00f3 Rico-Avello\"><img loading=\"lazy\" decoding=\"async\" width=\"150\" height=\"150\" src=\"https:\/\/www.atecyr.org\/blog\/wp-content\/uploads\/2021\/07\/Barcelo-150x150.png\" class=\"lcp_thumbnail no-lazy wp-post-image\" alt=\"Pol\u00edticas de refrigeraci\u00f3n y sostenibilidad III: Eficiencia energ\u00e9tica por Gabriel Barcel\u00f3 Rico-Avello\" srcset=\"https:\/\/www.atecyr.org\/blog\/wp-content\/uploads\/2021\/07\/Barcelo-150x150.png 150w, https:\/\/www.atecyr.org\/blog\/wp-content\/uploads\/2021\/07\/Barcelo-160x160.png 160w, https:\/\/www.atecyr.org\/blog\/wp-content\/uploads\/2021\/07\/Barcelo-320x320.png 320w\" sizes=\"(max-width: 150px) 100vw, 150px\" \/><\/a><div class=\"lcp_excerpt\">\n\n\n\nGabriel Barcel\u00f3 Rico-Avello\n\n\nSocio fundador y socio de honor de Atecyr\n\n\n\n\n\n\nAlgunos Estados, preocupados por la evoluci\u00f3n de los par\u00e1metros clim\u00e1ticos, y convencidos de la importancia de la refrigeraci\u00f3n, han desarrollado diversas iniciativas para mejorar la eficiencia energ\u00e9tica de los procedimientos de refrigeraci\u00f3n.\n\n\nEsto supondr\u00e1 inversiones en proyectos de I+D, para la mejora de los equipos tradicionales de ...<\/div><\/li><li><a href=\"https:\/\/www.atecyr.org\/blog\/2020\/10\/05\/politicas-sobre-refrigeracion-y-sostenibilidad-ii-salud-por-gabriel-barcelo-rico-avello\/\">Pol\u00edticas sobre refrigeraci\u00f3n y sostenibilidad II: Salud por Gabriel Barcel\u00f3 Rico-Avello<\/a><a href=\"https:\/\/www.atecyr.org\/blog\/2020\/10\/05\/politicas-sobre-refrigeracion-y-sostenibilidad-ii-salud-por-gabriel-barcelo-rico-avello\/\" title=\"Pol\u00edticas sobre refrigeraci\u00f3n y sostenibilidad II: Salud por Gabriel Barcel\u00f3 Rico-Avello\"><img loading=\"lazy\" decoding=\"async\" width=\"150\" height=\"150\" src=\"https:\/\/www.atecyr.org\/blog\/wp-content\/uploads\/2021\/07\/Barcelo-150x150.png\" class=\"lcp_thumbnail no-lazy wp-post-image\" alt=\"Pol\u00edticas sobre refrigeraci\u00f3n y sostenibilidad II: Salud por Gabriel Barcel\u00f3 Rico-Avello\" srcset=\"https:\/\/www.atecyr.org\/blog\/wp-content\/uploads\/2021\/07\/Barcelo-150x150.png 150w, https:\/\/www.atecyr.org\/blog\/wp-content\/uploads\/2021\/07\/Barcelo-160x160.png 160w, https:\/\/www.atecyr.org\/blog\/wp-content\/uploads\/2021\/07\/Barcelo-320x320.png 320w\" sizes=\"(max-width: 150px) 100vw, 150px\" \/><\/a><div class=\"lcp_excerpt\">\n\n\n\nGabriel Barcel\u00f3 Rico-Avello\n\n\nSocio fundador y socio de honor de Atecyr\n\n\n\n\n\n\nNos hemos referido en el texto anterior al nuevo informe realizado conjuntamente por el Programa de las Naciones Unidas para el Medio Ambiente (PNUMA) y la Agencia Internacional de Energ\u00eda (AIE), y denominado:Informe de S\u00edntesis de Emisiones y Pol\u00edticas de Enfriamiento.\n\n\nComo dec\u00edamos, en los \u00faltimos a\u00f1os, ...<\/div><\/li><li><a href=\"https:\/\/www.atecyr.org\/blog\/2020\/04\/24\/mejora-de-la-eficiencia-energetica-en-instalaciones-mediante-el-empleo-de-aerorefrigeradores-por-josue-ros-gil\/\">Mejora de la eficiencia energ\u00e9tica en instalaciones mediante el empleo de aerorefrigeradores por Josu\u00e9 Ros Gil<\/a><a href=\"https:\/\/www.atecyr.org\/blog\/2020\/04\/24\/mejora-de-la-eficiencia-energetica-en-instalaciones-mediante-el-empleo-de-aerorefrigeradores-por-josue-ros-gil\/\" title=\"Mejora de la eficiencia energ\u00e9tica en instalaciones mediante el empleo de aerorefrigeradores por Josu\u00e9 Ros Gil\"><img loading=\"lazy\" decoding=\"async\" width=\"150\" height=\"150\" src=\"https:\/\/www.atecyr.org\/blog\/wp-content\/uploads\/2020\/04\/Josue_Carrier-150x150.png\" class=\"lcp_thumbnail no-lazy wp-post-image\" alt=\"Mejora de la eficiencia energ\u00e9tica en instalaciones mediante el empleo de aerorefrigeradores por Josu\u00e9 Ros Gil\" srcset=\"https:\/\/www.atecyr.org\/blog\/wp-content\/uploads\/2020\/04\/Josue_Carrier-150x150.png 150w, https:\/\/www.atecyr.org\/blog\/wp-content\/uploads\/2020\/04\/Josue_Carrier-160x160.png 160w, https:\/\/www.atecyr.org\/blog\/wp-content\/uploads\/2020\/04\/Josue_Carrier-320x320.png 320w\" sizes=\"(max-width: 150px) 100vw, 150px\" \/><\/a><div class=\"lcp_excerpt\">\n\n\n\nJosu\u00e9 Ros Gil\n\n\nResponsable de Prescripci\u00f3n zona de Levante de Carrier Espa\u00f1a (Socio Protector de Atecyr)\n\n\n\n\n\n\nIntroducci\u00f3n\n\n\nEl dise\u00f1o de instalaciones t\u00e9rmicas se ha basado tradicionalmente en criterios prescriptivos y prestacionales. Debido a la actual coyuntura econ\u00f3mica y energ\u00e9tica, los aspectos de seguridad, funcionalidad y confort han pasado a complementarse con criterios de ahorro y eficiencia energ\u00e9tica. En ...<\/div><\/li><\/ul><ul class='lcp_paginator'><li class='lcp_currentpage'>1<\/li><li><a href='https:\/\/www.atecyr.org\/blog\/wp-json\/wp\/v2\/pages\/540?lcp_page0=2#lcp_instance_0' title='2'>2<\/a><\/li><li><a href='https:\/\/www.atecyr.org\/blog\/wp-json\/wp\/v2\/pages\/540?lcp_page0=2#lcp_instance_0' title='2' class='lcp_nextlink'>&gt;&gt;<\/a><\/li><\/ul>\n","protected":false},"excerpt":{"rendered":"","protected":false},"author":1,"featured_media":0,"parent":0,"menu_order":0,"comment_status":"closed","ping_status":"closed","template":"","meta":{"footnotes":"","_vp_format_video_url":"","_vp_image_focal_point":[]},"post_mailing_queue_ids":[],"_links":{"self":[{"href":"https:\/\/www.atecyr.org\/blog\/wp-json\/wp\/v2\/pages\/540"}],"collection":[{"href":"https:\/\/www.atecyr.org\/blog\/wp-json\/wp\/v2\/pages"}],"about":[{"href":"https:\/\/www.atecyr.org\/blog\/wp-json\/wp\/v2\/types\/page"}],"author":[{"embeddable":true,"href":"https:\/\/www.atecyr.org\/blog\/wp-json\/wp\/v2\/users\/1"}],"replies":[{"embeddable":true,"href":"https:\/\/www.atecyr.org\/blog\/wp-json\/wp\/v2\/comments?post=540"}],"version-history":[{"count":6,"href":"https:\/\/www.atecyr.org\/blog\/wp-json\/wp\/v2\/pages\/540\/revisions"}],"predecessor-version":[{"id":2362,"href":"https:\/\/www.atecyr.org\/blog\/wp-json\/wp\/v2\/pages\/540\/revisions\/2362"}],"wp:attachment":[{"href":"https:\/\/www.atecyr.org\/blog\/wp-json\/wp\/v2\/media?parent=540"}],"curies":[{"name":"wp","href":"https:\/\/api.w.org\/{rel}","templated":true}]}}