{"id":2,"date":"2018-02-15T13:26:18","date_gmt":"2018-02-15T12:26:18","guid":{"rendered":"https:\/\/www.atecyr.org\/blog\/?page_id=2"},"modified":"2022-01-24T18:21:50","modified_gmt":"2022-01-24T17:21:50","slug":"ayer-y-hoy-de-la-climatizacion","status":"publish","type":"page","link":"https:\/\/www.atecyr.org\/blog\/ayer-y-hoy-de-la-climatizacion\/","title":{"rendered":"Ayer y hoy de la climatizaci\u00f3n"},"content":{"rendered":"\n<p><\/p>\n\n\n<ul class=\"lcp_catlist\" id=\"lcp_instance_0\"><li><a href=\"https:\/\/www.atecyr.org\/blog\/2026\/02\/03\/jeronimo-de-ayanz-y-beaumont-precursor-de-la-climatizacion-y-de-la-maquina-de-vapor\/\">Jer\u00f3nimo de Ayanz y Beaumont. Precursor de la climatizaci\u00f3n y de la m\u00e1quina de vapor<\/a><a href=\"https:\/\/www.atecyr.org\/blog\/2026\/02\/03\/jeronimo-de-ayanz-y-beaumont-precursor-de-la-climatizacion-y-de-la-maquina-de-vapor\/\" title=\"Jer\u00f3nimo de Ayanz y Beaumont. Precursor de la climatizaci\u00f3n y de la m\u00e1quina de vapor\"><img loading=\"lazy\" decoding=\"async\" width=\"150\" height=\"150\" src=\"https:\/\/www.atecyr.org\/blog\/wp-content\/uploads\/2021\/07\/Barcelo-150x150.png\" class=\"lcp_thumbnail no-lazy wp-post-image\" alt=\"Jer\u00f3nimo de Ayanz y Beaumont. Precursor de la climatizaci\u00f3n y de la m\u00e1quina de vapor\" srcset=\"https:\/\/www.atecyr.org\/blog\/wp-content\/uploads\/2021\/07\/Barcelo-150x150.png 150w, https:\/\/www.atecyr.org\/blog\/wp-content\/uploads\/2021\/07\/Barcelo-160x160.png 160w, https:\/\/www.atecyr.org\/blog\/wp-content\/uploads\/2021\/07\/Barcelo-320x320.png 320w\" sizes=\"(max-width: 150px) 100vw, 150px\" \/><\/a><div class=\"lcp_excerpt\">\n\n\n\nGabriel Barcel\u00f3 Rico-Avello\n\n\nSocio fundador y socio de honor de Atecyr\n\n\n\n\n\n\n\nMario Barcel\u00f3 Aristoy\n\n\nProfesor asociado del Departamento de Econom\u00eda de la Universidad Carlos III de Madrid\n\n\n\n\n\n\n\nJulio Cano Guillam\u00f3n\n\n\nPresidente de la Agrupaci\u00f3n Centro de Atecyr\n\n\n\n\n\n\n\n\n\n\nEste libro fue publicado en espa\u00f1ol por la Asociaci\u00f3n T\u00e9cnica Espa\u00f1ola de Climatizaci\u00f3n y Refrigeraci\u00f3n, ATECYR, en abril de 2025: https:\/\/www.atecyr.org\/, en recuerdo del ...<\/div><\/li><li><a href=\"https:\/\/www.atecyr.org\/blog\/2025\/06\/17\/jeronimo-de-ayanz-y-beaumont-precursor-de-la-climatizacion-y-de-la-maquina-de-vapor-ii\/\">Jer\u00f3nimo de Ayanz y Beaumont. Precursor de la climatizaci\u00f3n y de la m\u00e1quina de vapor II<\/a><a href=\"https:\/\/www.atecyr.org\/blog\/2025\/06\/17\/jeronimo-de-ayanz-y-beaumont-precursor-de-la-climatizacion-y-de-la-maquina-de-vapor-ii\/\" title=\"Jer\u00f3nimo de Ayanz y Beaumont. Precursor de la climatizaci\u00f3n y de la m\u00e1quina de vapor II\"><img loading=\"lazy\" decoding=\"async\" width=\"150\" height=\"150\" src=\"https:\/\/www.atecyr.org\/blog\/wp-content\/uploads\/2021\/07\/Barcelo-150x150.png\" class=\"lcp_thumbnail no-lazy wp-post-image\" alt=\"Jer\u00f3nimo de Ayanz y Beaumont. Precursor de la climatizaci\u00f3n y de la m\u00e1quina de vapor II\" srcset=\"https:\/\/www.atecyr.org\/blog\/wp-content\/uploads\/2021\/07\/Barcelo-150x150.png 150w, https:\/\/www.atecyr.org\/blog\/wp-content\/uploads\/2021\/07\/Barcelo-160x160.png 160w, https:\/\/www.atecyr.org\/blog\/wp-content\/uploads\/2021\/07\/Barcelo-320x320.png 320w\" sizes=\"(max-width: 150px) 100vw, 150px\" \/><\/a><div class=\"lcp_excerpt\">\n\n\n\nGabriel Barcel\u00f3 Rico-Avello\n\n\nSocio fundador y socio de honor de Atecyr\n\n\n\n\n\n\n\nMario Barcel\u00f3 Aristoy\n\n\nProfesor asociado del Departamento de Econom\u00eda de la Universidad Carlos III de Madrid\n\n\n\n\n\n\n\nJulio Cano Guillam\u00f3n\n\n\nPresidente de la Agrupaci\u00f3n Centro de Atecyr\n\n\n\n\n\n\n\n\nDesear\u00edamos reiterar nuestro recuerdo de la figura de JER\u00d3NIMO DE AYANZ Y BEAUMONT (1553-1613), navarro espa\u00f1ol, que a finales del siglo XVI INVENT\u00d3 LA ...<\/div><\/li><li><a href=\"https:\/\/www.atecyr.org\/blog\/2025\/03\/28\/jeronimo-de-ayanz-y-beaumont-inventor-de-la-climatizacion-y-de-la-maquina-de-vapor-i\/\">Jer\u00f3nimo de Ayanz y Beaumont. Precursor de la climatizaci\u00f3n y de la m\u00e1quina de vapor I<\/a><a href=\"https:\/\/www.atecyr.org\/blog\/2025\/03\/28\/jeronimo-de-ayanz-y-beaumont-inventor-de-la-climatizacion-y-de-la-maquina-de-vapor-i\/\" title=\"Jer\u00f3nimo de Ayanz y Beaumont. Precursor de la climatizaci\u00f3n y de la m\u00e1quina de vapor I\"><img loading=\"lazy\" decoding=\"async\" width=\"150\" height=\"150\" src=\"https:\/\/www.atecyr.org\/blog\/wp-content\/uploads\/2021\/07\/Barcelo-150x150.png\" class=\"lcp_thumbnail no-lazy wp-post-image\" alt=\"Jer\u00f3nimo de Ayanz y Beaumont. Precursor de la climatizaci\u00f3n y de la m\u00e1quina de vapor I\" srcset=\"https:\/\/www.atecyr.org\/blog\/wp-content\/uploads\/2021\/07\/Barcelo-150x150.png 150w, https:\/\/www.atecyr.org\/blog\/wp-content\/uploads\/2021\/07\/Barcelo-160x160.png 160w, https:\/\/www.atecyr.org\/blog\/wp-content\/uploads\/2021\/07\/Barcelo-320x320.png 320w\" sizes=\"(max-width: 150px) 100vw, 150px\" \/><\/a><div class=\"lcp_excerpt\">\n\n\n\nGabriel Barcel\u00f3 Rico-Avello\n\n\nSocio fundador y socio de honor de Atecyr\n\n\n\n\n\n\n\nMario Barcel\u00f3 Aristoy\n\n\nProfesor asociado del Departamento de Econom\u00eda de la Universidad Carlos III de Madrid\n\n\n\n\n\n\n\nJulio Cano Guillam\u00f3n\n\n\nPresidente de la Agrupaci\u00f3n Centro de Atecyr\n\n\n\n\n\n\n\n\nJER\u00d3NIMO DE AYANZ Y BEAUMONT, fue un navarro espa\u00f1ol,&nbsp; que a finales del siglo XVI INVENT\u00d3 LA CLIMATIZACI\u00d3N Y LA M\u00c1QUINA DE VAPOR, gracias ...<\/div><\/li><li><a href=\"https:\/\/www.atecyr.org\/blog\/2023\/07\/12\/primeros-anos-de-atecyr-por-gabriel-barcelo-rico-avello\/\">Primeros a\u00f1os de Atecyr por Gabriel Barcel\u00f3 Rico-Avello<\/a><a href=\"https:\/\/www.atecyr.org\/blog\/2023\/07\/12\/primeros-anos-de-atecyr-por-gabriel-barcelo-rico-avello\/\" title=\"Primeros a\u00f1os de Atecyr por Gabriel Barcel\u00f3 Rico-Avello\"><img loading=\"lazy\" decoding=\"async\" width=\"150\" height=\"150\" src=\"https:\/\/www.atecyr.org\/blog\/wp-content\/uploads\/2021\/07\/Barcelo-150x150.png\" class=\"lcp_thumbnail no-lazy wp-post-image\" alt=\"Primeros a\u00f1os de Atecyr por Gabriel Barcel\u00f3 Rico-Avello\" srcset=\"https:\/\/www.atecyr.org\/blog\/wp-content\/uploads\/2021\/07\/Barcelo-150x150.png 150w, https:\/\/www.atecyr.org\/blog\/wp-content\/uploads\/2021\/07\/Barcelo-160x160.png 160w, https:\/\/www.atecyr.org\/blog\/wp-content\/uploads\/2021\/07\/Barcelo-320x320.png 320w\" sizes=\"(max-width: 150px) 100vw, 150px\" \/><\/a><div class=\"lcp_excerpt\">\n\n\n\nGabriel Barcel\u00f3 Rico-Avello\n\n\nSocio fundador y socio de honor de Atecyr\n\n\n\n\n\n\n\n\nLa Asociaci\u00f3n T\u00e9cnica Espa\u00f1ola de Climatizaci\u00f3n y Refrigeraci\u00f3n (ATECYR) fue constituida en acta del 8 de junio de 1974, por lo que cincuenta a\u00f1os despu\u00e9s celebramos esta efem\u00e9rides.\n\n\nSiendo uno de sus fundadores, he querido conmemorar este acontecimiento uni\u00e9ndome al jubilo de todos, y tambi\u00e9n redactando para ...<\/div><\/li><li><a href=\"https:\/\/www.atecyr.org\/blog\/2022\/07\/07\/antonio-contardo-ii-por-gabriel-barcelo-rico-avello\/\">Antonio Contardo II por Gabriel Barcel\u00f3 Rico-Avello<\/a><a href=\"https:\/\/www.atecyr.org\/blog\/2022\/07\/07\/antonio-contardo-ii-por-gabriel-barcelo-rico-avello\/\" title=\"Antonio Contardo II por Gabriel Barcel\u00f3 Rico-Avello\"><img loading=\"lazy\" decoding=\"async\" width=\"150\" height=\"150\" src=\"https:\/\/www.atecyr.org\/blog\/wp-content\/uploads\/2021\/07\/Barcelo-150x150.png\" class=\"lcp_thumbnail no-lazy wp-post-image\" alt=\"Antonio Contardo II por Gabriel Barcel\u00f3 Rico-Avello\" srcset=\"https:\/\/www.atecyr.org\/blog\/wp-content\/uploads\/2021\/07\/Barcelo-150x150.png 150w, https:\/\/www.atecyr.org\/blog\/wp-content\/uploads\/2021\/07\/Barcelo-160x160.png 160w, https:\/\/www.atecyr.org\/blog\/wp-content\/uploads\/2021\/07\/Barcelo-320x320.png 320w\" sizes=\"(max-width: 150px) 100vw, 150px\" \/><\/a><div class=\"lcp_excerpt\">\n\n\n\nGabriel Barcel\u00f3 Rico-Avello\n\n\nSocio fundador y socio de honor de Atecyr\n\n\n\n\n\n\nEn esta segunda entrega, continuamos describiendo la actividad innovadora de este profesional, en el sector del intercambio de calor:\n\n\nLo m\u00e1s espectacular fue, a principio del 1968 cuando alquilamos cuatro aviones, que cada uno en un d\u00eda distinto, llevaron grupos de M\u00fanich, D\u00fcsseldorf, Frankfurt y Hannover a ...<\/div><\/li><li><a href=\"https:\/\/www.atecyr.org\/blog\/2022\/07\/07\/antonio-contardo-i-por-gabriel-barcelo-rico-avello\/\">Antonio Contardo I por Gabriel Barcel\u00f3 Rico-Avello<\/a><a href=\"https:\/\/www.atecyr.org\/blog\/2022\/07\/07\/antonio-contardo-i-por-gabriel-barcelo-rico-avello\/\" title=\"Antonio Contardo I por Gabriel Barcel\u00f3 Rico-Avello\"><img loading=\"lazy\" decoding=\"async\" width=\"150\" height=\"150\" src=\"https:\/\/www.atecyr.org\/blog\/wp-content\/uploads\/2021\/07\/Barcelo-150x150.png\" class=\"lcp_thumbnail no-lazy wp-post-image\" alt=\"Antonio Contardo I por Gabriel Barcel\u00f3 Rico-Avello\" srcset=\"https:\/\/www.atecyr.org\/blog\/wp-content\/uploads\/2021\/07\/Barcelo-150x150.png 150w, https:\/\/www.atecyr.org\/blog\/wp-content\/uploads\/2021\/07\/Barcelo-160x160.png 160w, https:\/\/www.atecyr.org\/blog\/wp-content\/uploads\/2021\/07\/Barcelo-320x320.png 320w\" sizes=\"(max-width: 150px) 100vw, 150px\" \/><\/a><div class=\"lcp_excerpt\">\n\n\n\nGabriel Barcel\u00f3 Rico-Avello\n\n\nSocio fundador y socio de honor de Atecyr\n\n\n\n\n\n\nQueremos recordar aqu\u00ed ahora unos acontecimientos que conocimos en el sector en los a\u00f1os sesenta, basado en la innovaci\u00f3n tecnol\u00f3gica y en el esfuerzo humano del trabajo diario. Actualmente, su protagonista, aunque nacido en Italia, vive en Espa\u00f1a, y aqu\u00ed tambi\u00e9n radic\u00f3 parte de su importante ...<\/div><\/li><li><a href=\"https:\/\/www.atecyr.org\/blog\/2021\/07\/06\/tras-la-pandemia-del-covid-19-y-ante-el-cambio-climatico-por-gabriel-barcelo-rico-avello\/\">Tras la pandemia del Covid-19 y ante el cambio clim\u00e1tico por Gabriel Barcel\u00f3 Rico-Avello<\/a><a href=\"https:\/\/www.atecyr.org\/blog\/2021\/07\/06\/tras-la-pandemia-del-covid-19-y-ante-el-cambio-climatico-por-gabriel-barcelo-rico-avello\/\" title=\"Tras la pandemia del Covid-19 y ante el cambio clim\u00e1tico por Gabriel Barcel\u00f3 Rico-Avello\"><img loading=\"lazy\" decoding=\"async\" width=\"150\" height=\"150\" src=\"https:\/\/www.atecyr.org\/blog\/wp-content\/uploads\/2021\/07\/Barcelo-150x150.png\" class=\"lcp_thumbnail no-lazy wp-post-image\" alt=\"Tras la pandemia del Covid-19 y ante el cambio clim\u00e1tico por Gabriel Barcel\u00f3 Rico-Avello\" srcset=\"https:\/\/www.atecyr.org\/blog\/wp-content\/uploads\/2021\/07\/Barcelo-150x150.png 150w, https:\/\/www.atecyr.org\/blog\/wp-content\/uploads\/2021\/07\/Barcelo-160x160.png 160w, https:\/\/www.atecyr.org\/blog\/wp-content\/uploads\/2021\/07\/Barcelo-320x320.png 320w\" sizes=\"(max-width: 150px) 100vw, 150px\" \/><\/a><div class=\"lcp_excerpt\">\n\n\n\nGabriel Barcel\u00f3 Rico-Avello\n\n\nSocio fundador y socio de honor de Atecyr\n\n\n\n\n\n\nCon este t\u00edtulo: Climatizaci\u00f3n y Refrigeraci\u00f3n: Tras la pandemia del covid-19 y ante el cambio clim\u00e1tico (Climatizaci\u00f3n y refrigeraci\u00f3n. Tras la pandemia del covid-19 y ante el cambio clim\u00e1tico (tendencias21.es), AFEC ha publicado mi \u00faltimo libro, coincidiendo con el D\u00eda Mundial de la Refrigeraci\u00f3n. En el ...<\/div><\/li><li><a href=\"https:\/\/www.atecyr.org\/blog\/2020\/05\/21\/primer-tratado-europeo-sobre-el-uso-del-frio-por-gabriel-barcelo-rico-avello\/\">Primer tratado europeo sobre el uso del frio por Gabriel Barcel\u00f3 Rico-Avello<\/a><a href=\"https:\/\/www.atecyr.org\/blog\/2020\/05\/21\/primer-tratado-europeo-sobre-el-uso-del-frio-por-gabriel-barcelo-rico-avello\/\" title=\"Primer tratado europeo sobre el uso del frio por Gabriel Barcel\u00f3 Rico-Avello\"><img loading=\"lazy\" decoding=\"async\" width=\"150\" height=\"150\" src=\"https:\/\/www.atecyr.org\/blog\/wp-content\/uploads\/2021\/07\/Barcelo-150x150.png\" class=\"lcp_thumbnail no-lazy wp-post-image\" alt=\"Primer tratado europeo sobre el uso del frio por Gabriel Barcel\u00f3 Rico-Avello\" srcset=\"https:\/\/www.atecyr.org\/blog\/wp-content\/uploads\/2021\/07\/Barcelo-150x150.png 150w, https:\/\/www.atecyr.org\/blog\/wp-content\/uploads\/2021\/07\/Barcelo-160x160.png 160w, https:\/\/www.atecyr.org\/blog\/wp-content\/uploads\/2021\/07\/Barcelo-320x320.png 320w\" sizes=\"(max-width: 150px) 100vw, 150px\" \/><\/a><div class=\"lcp_excerpt\">\n\n\n\nGabriel Barcel\u00f3 Rico-Avello\n\n\nSocio fundador y socio de honor de Atecyr\n\n\n\n\nTras la investigaci\u00f3n que hemos realizado, la primera obra monogr\u00e1fica europea que hemos encontrado sobre el uso del frio, es de un m\u00e9dico e higienista valenciano, llamado curiosamente, Francisco Franco (1515- 1569), y denominada: Tratado de la nieve y del uso della (Sevilla, 1569). Adem\u00e1s de ...<\/div><\/li><li><a href=\"https:\/\/www.atecyr.org\/blog\/2020\/04\/30\/primeros-textos-sobre-el-uso-del-frio-por-gabriel-barcelo-rico-avello\/\">Primeros textos sobre el uso del fr\u00edo por Gabriel Barcel\u00f3 Rico-Avello<\/a><a href=\"https:\/\/www.atecyr.org\/blog\/2020\/04\/30\/primeros-textos-sobre-el-uso-del-frio-por-gabriel-barcelo-rico-avello\/\" title=\"Primeros textos sobre el uso del fr\u00edo por Gabriel Barcel\u00f3 Rico-Avello\"><img loading=\"lazy\" decoding=\"async\" width=\"150\" height=\"150\" src=\"https:\/\/www.atecyr.org\/blog\/wp-content\/uploads\/2021\/07\/Barcelo-150x150.png\" class=\"lcp_thumbnail no-lazy wp-post-image\" alt=\"Primeros textos sobre el uso del fr\u00edo por Gabriel Barcel\u00f3 Rico-Avello\" srcset=\"https:\/\/www.atecyr.org\/blog\/wp-content\/uploads\/2021\/07\/Barcelo-150x150.png 150w, https:\/\/www.atecyr.org\/blog\/wp-content\/uploads\/2021\/07\/Barcelo-160x160.png 160w, https:\/\/www.atecyr.org\/blog\/wp-content\/uploads\/2021\/07\/Barcelo-320x320.png 320w\" sizes=\"(max-width: 150px) 100vw, 150px\" \/><\/a><div class=\"lcp_excerpt\">\n\n\n\nGabriel Barcel\u00f3 Rico-Avello\n\n\nSocio fundador y socio de honor de Atecyr\n\n\n\nDisponemos de antecedentes medievales del uso del frio para el tratamiento de alimentos, y tambi\u00e9n para el disfrute del vino y otras bebidas. En todos los casos se utilizaba la nieve o el hielo natural para este fin, existiendo un evidente comercio de hielo en Espa\u00f1a ...<\/div><\/li><li><a href=\"https:\/\/www.atecyr.org\/blog\/2020\/04\/23\/evolucion-del-sector-de-climatizacion-de-los-anos-80-a-los-90-por-julio-cano-lacunza-2\/\">Evoluci\u00f3n del sector de climatizaci\u00f3n (del a\u00f1o 2000 hasta hoy) por Julio Cano Lacunza<\/a><a href=\"https:\/\/www.atecyr.org\/blog\/2020\/04\/23\/evolucion-del-sector-de-climatizacion-de-los-anos-80-a-los-90-por-julio-cano-lacunza-2\/\" title=\"Evoluci\u00f3n del sector de climatizaci\u00f3n (del a\u00f1o 2000 hasta hoy) por Julio Cano Lacunza\"><img loading=\"lazy\" decoding=\"async\" width=\"150\" height=\"150\" src=\"https:\/\/www.atecyr.org\/blog\/wp-content\/uploads\/2020\/04\/Julio-Cano_blog-1-150x150.png\" class=\"lcp_thumbnail no-lazy wp-post-image\" alt=\"Evoluci\u00f3n del sector de climatizaci\u00f3n (del a\u00f1o 2000 hasta hoy) por Julio Cano Lacunza\" srcset=\"https:\/\/www.atecyr.org\/blog\/wp-content\/uploads\/2020\/04\/Julio-Cano_blog-1-150x150.png 150w, https:\/\/www.atecyr.org\/blog\/wp-content\/uploads\/2020\/04\/Julio-Cano_blog-1-160x160.png 160w, https:\/\/www.atecyr.org\/blog\/wp-content\/uploads\/2020\/04\/Julio-Cano_blog-1-320x320.png 320w\" sizes=\"(max-width: 150px) 100vw, 150px\" \/><\/a><div class=\"lcp_excerpt\">\n\n\n\nJulio Cano Lacunza\n\n\nVocal de la Junta Directiva de Atecyr\n\n\n\nEn el post \u201cEvoluci\u00f3n del sector de climatizaci\u00f3n (de los a\u00f1os 60 a los 80)\u201d y&nbsp; \u201cEvoluci\u00f3n del sector de climatizaci\u00f3n (de los a\u00f1os 80 a los 90)\u201d , puedes leer los antecedentes de este an\u00e1lisis y la evoluci\u00f3n en las d\u00e9cadas anteriores.\nD\u00e9cada de los a\u00f1os 2000 ...<\/div><\/li><\/ul><ul class='lcp_paginator'><li class='lcp_currentpage'>1<\/li><li><a href='https:\/\/www.atecyr.org\/blog\/wp-json\/wp\/v2\/pages\/2?lcp_page0=2#lcp_instance_0' title='2'>2<\/a><\/li><li><a href='https:\/\/www.atecyr.org\/blog\/wp-json\/wp\/v2\/pages\/2?lcp_page0=3#lcp_instance_0' title='3'>3<\/a><\/li><li><a href='https:\/\/www.atecyr.org\/blog\/wp-json\/wp\/v2\/pages\/2?lcp_page0=2#lcp_instance_0' title='2' class='lcp_nextlink'>&gt;&gt;<\/a><\/li><\/ul>\n\n\n\n<p><\/p>\n","protected":false},"excerpt":{"rendered":"","protected":false},"author":1,"featured_media":0,"parent":0,"menu_order":0,"comment_status":"closed","ping_status":"closed","template":"","meta":{"footnotes":"","_vp_format_video_url":"","_vp_image_focal_point":[]},"post_mailing_queue_ids":[],"_links":{"self":[{"href":"https:\/\/www.atecyr.org\/blog\/wp-json\/wp\/v2\/pages\/2"}],"collection":[{"href":"https:\/\/www.atecyr.org\/blog\/wp-json\/wp\/v2\/pages"}],"about":[{"href":"https:\/\/www.atecyr.org\/blog\/wp-json\/wp\/v2\/types\/page"}],"author":[{"embeddable":true,"href":"https:\/\/www.atecyr.org\/blog\/wp-json\/wp\/v2\/users\/1"}],"replies":[{"embeddable":true,"href":"https:\/\/www.atecyr.org\/blog\/wp-json\/wp\/v2\/comments?post=2"}],"version-history":[{"count":40,"href":"https:\/\/www.atecyr.org\/blog\/wp-json\/wp\/v2\/pages\/2\/revisions"}],"predecessor-version":[{"id":2373,"href":"https:\/\/www.atecyr.org\/blog\/wp-json\/wp\/v2\/pages\/2\/revisions\/2373"}],"wp:attachment":[{"href":"https:\/\/www.atecyr.org\/blog\/wp-json\/wp\/v2\/media?parent=2"}],"curies":[{"name":"wp","href":"https:\/\/api.w.org\/{rel}","templated":true}]}}